ide d(-5)?
False
Let l be -4*((-105)/(-12))/(-7). Suppose 0*a = l*a + 10. Is a/(0 + (-2)/4) a multiple of 2?
True
Let a(j) = -22*j + 5. Let z be a(-4). Suppose -g - 24 - z = -2*d, -d = -g - 58. Does 20 divide d?
False
Let b be (-2 + (-39)/6)*2. Let g = b - -33. Let n = g - -18. Is 17 a factor of n?
True
Suppose 2*a = -14 - 18. Is (-20)/(-16)*a/(-2) a multiple of 5?
True
Let t be (-8)/(-3 - (0 + -1)). Suppose b + 6 = t*b. Suppose -5*f = 2*y, 18 = b*y - f - 3*f. Is 2 a factor of y?
False
Suppose -165 = 2*n - 7*n - 5*h, -2*h + 153 = 5*n. Let p = n - -29. Does 18 divide p?
False
Let t = 115 - -101. Does 12 divide t?
True
Suppose -6*t = -7*t + 5. Does 6 divide (-4)/((t/2)/(-5))?
False
Let p(o) = 2*o**2 + 3*o - 1. Is 13 a factor of p(2)?
True
Let b = 15 - 49. Suppose -224 = -z - 3*z. Let g = b + z. Does 17 divide g?
False
Let g = -8 + 10. Suppose 0 = -v - m + g*m + 19, -5*m + 15 = 0. Is 22 a factor of v?
True
Suppose -4*x - 3*b + 2 = -4*b, 0 = x + 5*b - 11. Is 11 a factor of 0 - (-39 - (x - 2))?
False
Let s(r) = -20*r**2 - r. Let x be s(1). Let c = x + 13. Does 8 divide (c/20)/(1/(-20))?
True
Let l(j) = j**3 + 5*j**2 - 5. Let f be l(-5). Let t = f + 29. Suppose -58 + 10 = -4*b + 4*s, -5*s - t = -2*b. Does 4 divide b?
True
Suppose 3*k = -2*k - 4*p + 484, 97 = k + p. Suppose -7*d = -4*d - k. Is 16 a factor of d?
True
Let s be (-2)/(-3) - (-4)/12. Let t be s/((-3)/4)*-21. Let r = t + -8. Is r a multiple of 9?
False
Let m(h) = -h**2 + 0*h**2 + 3 - 2*h + 7*h + 2*h**2. Is 4 a factor of m(-6)?
False
Let r(q) = 15*q + 2. Let n = -18 + 19. Is 17 a factor of r(n)?
True
Suppose -4*u + 3 = -181. Let a = -16 + 20. Suppose -5*s - u = -a*r, -4*r + 3*s = 2*s - 54. Is 14 a factor of r?
True
Let d(v) = -3*v**2 + 2*v + 3. Let i be d(4). Does 8 divide (-6)/(-9) - i/3?
False
Let a(n) = 2*n**3 - 3*n**2 + 4*n + 4. Let g be (-6)/9 + 28/6. Let q be a(g). Suppose 5*u - q = c, -u + 20 = -0*u + 5*c. Is 10 a factor of u?
True
Suppose 0 = 3*j - 4*c - 27, -4 = 5*j - c - 32. Suppose -5*y - 7 + 124 = -d, j*y - 132 = -4*d. Is y a multiple of 17?
False
Let h(l) = -l - 2. Let p be h(0). Let g(b) = 23*b + 3. Let t be g(-2). Is (t/(-2))/(p/(-4)) a multiple of 19?
False
Suppose 5*t + 4*f - 209 = 38, -5*f - 10 = 0. Is 15 a factor of t?
False
Suppose p = -p - 18. Let a = 15 - p. Is a a multiple of 10?
False
Suppose -5*i = a, -4*a + a - i + 28 = 0. Is a a multiple of 3?
False
Let u = 328 + -171. Suppose -17 = 5*n - u. Is 7 a factor of (-8)/n + 298/14?
True
Let t be 1/(-6) + 2650/60. Suppose -2*o + t = 2*o. Is o a multiple of 11?
True
Let t be (-1)/((-36)/20 + 2). Is 5 a factor of t - -4 - (-16 - 2)?
False
Let v be 5*1/(10/6). Suppose -5*b + 4*q = -419, 5*q + 171 = -b + v*b. Suppose 5*y = m + b, 3*m - 47 = -4*y + 8. Is 16 a factor of y?
True
Suppose 9*s - 7*s = 160. Is s a multiple of 34?
False
Let w be (-5 + 4)/(2/(-4)). Suppose -w*r = -3*r + 4. Suppose -5*u + 42 = r*v, u = 6*v - 3*v - 22. Is v a multiple of 3?
False
Let l(x) = -1 + 0 - 2 + 2*x + 4*x**2 + 1. Is l(-3) a multiple of 14?
True
Let r = 46 + -46. Let l = -42 + 67. Suppose 3*n + 2*n - l = r. Does 2 divide n?
False
Let d be (-2 - -1)/(3/(-9)). Suppose 0 = -d*v - v. Suppose -l + 12 + v = 0. Is l a multiple of 12?
True
Suppose 2*k = -2*k + 92. Let o = 11 - k. Is (o/(-9))/(2/24) a multiple of 8?
True
Is 2/(-11) + (-1003)/(-11) a multiple of 13?
True
Let g(k) = k**2 - 4*k - 1. Suppose p + 0*p = -5. Is g(p) a multiple of 17?
False
Let y(a) = -a + 2. Let u be y(-4). Let l be (0 - 0)*u/(-12). Is 15 a factor of 42/2 + (3 - l)?
False
Let g(z) = z - 5. Let b be g(5). Let x = b + 8. Is x/36 - (-176)/18 a multiple of 5?
True
Let q(l) = 57*l**3 + 2*l**2 - 1. Does 29 divide q(1)?
True
Let y = 28 + 2. Is 15 a factor of y?
True
Let l(j) be the third derivative of 7*j**4/24 + 7*j**3/6 + 5*j**2. Does 12 divide l(6)?
False
Suppose -4*g + 8 = 0, -r + 3*g = -0*r - 24. Is 6 a factor of r?
True
Let y = 17 - -1. Is 6 a factor of y?
True
Suppose -5*g + 480 = -0*g. Suppose 3*p = -2*i + g, -4*i - 2*p + 174 = -5*p. Suppose -s = -4*b - 0*b - i, -2*b = 6. Is 11 a factor of s?
True
Let d = -54 - -93. Does 11 divide d?
False
Does 3 divide (-4)/(((-20)/(-24))/(-5))?
True
Suppose -8 = -2*g + 10. Let p be (-28)/(-3) - 3/g. Suppose -5*t + p*t - 80 = 0. Is t a multiple of 20?
True
Suppose 2*x = x + 3. Suppose m - 8 = -x*m. Suppose -14 + 0 = -m*w. Is 4 a factor of w?
False
Let o(k) = -k**3 - 3*k**2 - 2*k - 2. Is o(-4) a multiple of 4?
False
Let n(k) be the second derivative of -k**3/6 - 7*k**2/2 - 3*k. Let q be n(5). Let z = 21 + q. Is z a multiple of 4?
False
Let q(g) = g**3 + 6*g**2 + g + 7. Let x be q(-6). Let a be 3 - (-1)/((-1)/x). Let h(n) = 4*n - 1. Does 4 divide h(a)?
False
Let u(r) = -4*r + 20. Is u(-6) a multiple of 12?
False
Let n(q) = 14*q + 5. Is 29 a factor of n(10)?
True
Let y(k) = 3*k + 16. Let t(l) = -4*l - 24. Let w(u) = -5*t(u) - 7*y(u). Is w(-6) a multiple of 14?
True
Let b(t) = 37*t - 12. Does 31 divide b(2)?
True
Let a(t) be the third derivative of -t**4/24 + 3*t**3/2 + t**2. Suppose 5*o = -5*f - 5, -2*o - 3 = o. Does 5 divide a(f)?
False
Let j(u) = 9*u**2 - u + 3. Let i be j(3). Let n(x) = x**3 + 6*x**2 - 6*x - 4. Let p be n(-4). Let o = i - p. Is o a multiple of 9?
False
Suppose -4*l - 3*v + 289 = -75, 2*l - 2*v = 168. Is l a multiple of 8?
True
Let b(z) = -z**3 + 5*z**2 - 5*z + 6. Let l be b(4). Suppose -l*g - g = -30. Is 3 a factor of g?
False
Suppose -c - 4*b + 37 = 0, 2*c + 2*b - 80 = -0. Suppose 3*y = -c + 206. Is 13 a factor of y?
False
Suppose d + 8 = 2*d. Suppose -2*x + d = 0, x = i - 2*x + 7. Is 2 a factor of i?
False
Suppose -4*m - 2 = 2, -3*m + 132 = 5*c. Is c a multiple of 7?
False
Let r(o) = 3*o - 2 - 2 - o. Let t be r(-3). Is 0 + -2*t/4 even?
False
Suppose 118 = 2*u - u. Let k be (u/3)/((-14)/21). Let c = -27 - k. Is c a multiple of 20?
False
Suppose 1 = -2*b + 9. Suppose b*z = -q + 99, -5*z + 34 = q - 68. Does 29 divide q?
True
Let x be (-3)/6 + (-2)/4. Let u be (x*6)/((-6)/4). Suppose 3*y - u*r = 3, 3*y = 4*y - 3*r + 4. Is 5 a factor of y?
True
Suppose -2*q + 7*q - 2*m - 110 = 0, 5*q - 5*m - 125 = 0. Does 5 divide q?
True
Let s = -4 + 8. Is 10 a factor of s + -1 + 0 - -17?
True
Suppose -5*i - 335 = -5*p, -311 = -5*p - i - 0*i. Let r = 141 - p. Is r a multiple of 12?
False
Let q(k) = 7*k**2 + 2*k - 6. Is q(2) a multiple of 5?
False
Is 6 a factor of (3 - (-4 - -2))*2?
False
Let n be 27 + -1*(2 - 5). Let f = -15 + n. Does 14 divide f?
False
Suppose 5*s + 40 = -2*x, -x = -0*x - 5. Suppose 0 = -r + 4*q + 19, -4*r + 3*r + 2*q + 17 = 0. Is (r/(-10))/(1/s) a multiple of 15?
True
Let i(z) = 2*z - 4. Does 3 divide i(8)?
True
Let y(m) be the first derivative of -2*m + 3 + 3*m**2 - 4/3*m**3 + 1/4*m**4. Is y(4) a multiple of 16?
False
Let f be -2 - 113 - (2 - -1). Does 8 divide f/(-5) + (-8)/(-20)?
True
Suppose -3*z = -9*z + 600. Is z a multiple of 20?
True
Suppose 11*h - 115 = 6*h. Let o = h - -36. Does 17 divide o?
False
Let b be 1 - (1 + -1)*-1. Let n be -1*(2 - 1)*b. Let m = 11 - n. Is 12 a factor of m?
True
Let g be (6/15)/((-3)/120). Let u = g - -28. Does 12 divide u?
True
Is 3/((4/(-192))/(-1)) a multiple of 15?
False
Suppose -u - 5 - 3 = 0. Let f = 4 - u. Does 12 divide f?
True
Let b(w) = -w**3 + 7*w**2 + 7*w + 3. Is 26 a factor of b(7)?
True
Let i be -2 - (-2)/(-3)*-6. Let n = i + 5. Let o = 20 + n. Does 17 divide o?
False
Suppose 5*y + 36 = 3*l - 104, 3*y = -3*l + 108. Suppose l = 3*a - 2*h, -15 = -a + h - 2*h. Is (-4)/a + (-400)/(-28) a multiple of 14?
True
Suppose 5*c = 5*v - 3*v, -5*c + 5*v = 0. Let d(o) = -o**3 + o**2 + 7. Is 6 a factor of d(c)?
False
Let o = -35 + 8. Let z = o + 38. Is z a multiple of 8?
False
Let o(x) = x**2 + x + 1. Let h be o(0). Let v(t) = 3*t**2 + 2*t - 1. Let y be v(h). Is (y + -10)*(-2)/2 a multiple of 3?
True
Suppose -56 - 584 = -4*k. Is 19 a factor of k?
False
Let n = 1 - -8. Is 9 a factor of n?
True
Is 12 a factor of ((-1)/((-3)/474))/(-1 - -2)?
False
Suppose 2*b - 6*b = -8. Suppose 3*c - 22 = -j, -2*j + 32 = b*c + 8. Suppose j*z = 2*z + 135. Is 19 a factor of z?
False
Let n(y) be the second derivative of -y**4/12 + 2*y**3/3 + 3*y**2/2 - y. Let z be n(3). Does 22 divide -66*-2*2/z?
True
Let y = 48 + -46. Is y a multiple of 2?
True
Suppose -2*b + 179 = -3*f - 67, b = 2*f + 124. Is 18 a factor of b